{"id":1715,"date":"2021-07-04T20:32:32","date_gmt":"2021-07-04T18:32:32","guid":{"rendered":"https:\/\/www.fotowoltaikaexpert.pl\/?page_id=1715"},"modified":"2021-07-04T22:12:34","modified_gmt":"2021-07-04T20:12:34","slug":"panels-installation-copy-copy-2-2-2-4-2","status":"publish","type":"page","link":"https:\/\/www.fotowoltaikaexpert.pl\/?page_id=1715","title":{"rendered":"System Huawei"},"content":{"rendered":"\t\t<div data-elementor-type=\"wp-page\" data-elementor-id=\"1715\" class=\"elementor elementor-1715\" data-elementor-settings=\"[]\">\n\t\t\t\t\t\t\t<div class=\"elementor-section-wrap\">\n\t\t\t\t\t\t\t<section class=\"elementor-section elementor-top-section elementor-element elementor-element-a825db9 service-details-me elementor-section-boxed elementor-section-height-default elementor-section-height-default\" data-id=\"a825db9\" data-element_type=\"section\">\n\t\t\t\t\t\t<div class=\"elementor-container elementor-column-gap-default\">\n\t\t\t\t\t<div class=\"elementor-column elementor-col-66 elementor-top-column elementor-element elementor-element-6ecfac9 service-details \" data-id=\"6ecfac9\" data-element_type=\"column\">\n\t\t\t<div class=\"elementor-widget-wrap elementor-element-populated\">\n\t\t\t\t\t\t\t\t<div class=\"elementor-element elementor-element-12a40f7 elementor-widget elementor-widget-image\" data-id=\"12a40f7\" data-element_type=\"widget\" data-widget_type=\"image.default\">\n\t\t\t\t<div class=\"elementor-widget-container\">\n\t\t\t\t\t<div class=\"elementor-image\">\n\t\t\t\t\t\t\t\t\t\t<img loading=\"lazy\" decoding=\"async\" width=\"640\" height=\"268\" src=\"https:\/\/www.fotowoltaikaexpert.pl\/wp-content\/uploads\/2021\/07\/2021-07-04-20_32_15-Window-1024x429.png\" class=\"attachment-large size-large\" alt=\"\" srcset=\"https:\/\/www.fotowoltaikaexpert.pl\/wp-content\/uploads\/2021\/07\/2021-07-04-20_32_15-Window-1024x429.png 1024w, https:\/\/www.fotowoltaikaexpert.pl\/wp-content\/uploads\/2021\/07\/2021-07-04-20_32_15-Window-300x126.png 300w, https:\/\/www.fotowoltaikaexpert.pl\/wp-content\/uploads\/2021\/07\/2021-07-04-20_32_15-Window-768x322.png 768w, https:\/\/www.fotowoltaikaexpert.pl\/wp-content\/uploads\/2021\/07\/2021-07-04-20_32_15-Window.png 1366w\" sizes=\"auto, (max-width: 640px) 100vw, 640px\" \/>\t\t\t\t\t\t\t\t\t\t\t<\/div>\n\t\t\t\t<\/div>\n\t\t\t\t<\/div>\n\t\t\t\t<div class=\"elementor-element elementor-element-2fc9ba7 elementor-widget elementor-widget-text-editor\" data-id=\"2fc9ba7\" data-element_type=\"widget\" data-widget_type=\"text-editor.default\">\n\t\t\t\t<div class=\"elementor-widget-container\">\n\t\t\t\t\t<div class=\"elementor-text-editor elementor-clearfix\"><p style=\"text-align: justify;\"><span style=\"text-align: justify;\">Huawei wykorzystuj\u0105c ponad 30. letnie do\u015bwiadczenie z cyfrowych technologii informatycznych, oferuje wiod\u0105ce, inteligentne rozwi\u0105zania fotowoltaiczne. Huawei \u0142\u0105cz\u0105c technologie ICT z fotowoltaik\u0105, integracj\u0119 rozwi\u0105za\u0144 opartych o Cloud i sztuczn\u0119 inteligencj\u0119 (AI) optymalizuje proces wytwarzania energii elektrycznej. Dzi\u0119ki rozwi\u0105zaniom Huawei Smart O&amp;M fotowoltaika jest bardziej wydajna, bezpieczna i niezawodna. Inteligentne funkcje obs\u0142ugi, utrzymania oraz wsparcia sieci elektroenergetycznej sprawi\u0105, \u017ce fotowoltaika stanie si\u0119 g\u0142\u00f3wnym \u017ar\u00f3d\u0142em energii. Huawei dla u\u017cytkownik\u00f3w indywidualnych i komercyjnych wprowadzi\u0142 zaawansowane rozwi\u0105zania, oparte o koncepcj\u0119 \u201eOptymlany koszt energii i aktywne bezpiecze\u0144stwo\u201d, kt\u00f3rego celem jest zwi\u0119kszona efektywno\u015b\u0107 wykorzystania energii s\u0142onecznej. Huawei, poprzez swoje rozwi\u0105zania pomaga zasili\u0107 miliony gospodarstw domowych oraz setki bran\u017c na ca\u0142ym \u015bwiecie. Huawei nieustannie wprowadza innowacje umo\u017cliwiaj\u0105ce wykorzystanie energii odnawialnej, \u017ceby wzmocni\u0107 ka\u017cdego cz\u0142owieka, dom i organizacj\u0119.<\/span><\/p><\/div>\n\t\t\t\t<\/div>\n\t\t\t\t<\/div>\n\t\t\t\t<div class=\"elementor-element elementor-element-20392e9 elementor-widget elementor-widget-text-editor\" data-id=\"20392e9\" data-element_type=\"widget\" data-widget_type=\"text-editor.default\">\n\t\t\t\t<div class=\"elementor-widget-container\">\n\t\t\t\t\t<div class=\"elementor-text-editor elementor-clearfix\"><h2>Do 30%<\/h2><h3>Wy\u017cszy uzysk energetyczny dzi\u0119ki optymalizatorom<\/h3><div>\u00a0<\/div><div><div><div><h3>Bez optymalizatora<\/h3><p>Wydajno\u015b\u0107 wszystkich modu\u0142\u00f3w jest ograniczona przez najs\u0142abszy z nich<\/p><ul><li><img decoding=\"async\" style=\"max-width: initial;\" src=\"https:\/\/solar.huawei.com\/~\/media\/Solar\/residential\/Reource\/anchoring_content_pic_01.png\" alt=\"\" \/> 85% <img decoding=\"async\" src=\"https:\/\/solar.huawei.com\/~\/media\/Solar\/residential\/Reource\/anchoring_content_pic_02.png\" alt=\"\" \/> 90% <img decoding=\"async\" src=\"https:\/\/solar.huawei.com\/~\/media\/Solar\/residential\/Reource\/anchoring_content_pic_02.png\" alt=\"\" \/> 90% <img decoding=\"async\" src=\"https:\/\/solar.huawei.com\/~\/media\/Solar\/residential\/Reource\/anchoring_content_pic_02.png\" alt=\"\" \/>90%<\/li><\/ul><\/div><div><h3>\u00a0<\/h3><h3>Z optymalizatorem<\/h3><p>Ka\u017cdy modu\u0142 z osobna mo\u017ce osi\u0105ga\u0107 najlepsze wyniki, zapewniaj\u0105c wy\u017csz\u0105 wydajno\u015b\u0107.<\/p><ul><li><img decoding=\"async\" style=\"max-width: initial;\" src=\"https:\/\/solar.huawei.com\/~\/media\/Solar\/residential\/Reource\/anchoring_content_pic_01.png\" alt=\"\" \/> 85%\u00a0 <img decoding=\"async\" src=\"https:\/\/solar.huawei.com\/~\/media\/Solar\/residential\/Reource\/anchoring_content_pic_03.png\" alt=\"\" \/>\u00a0100%\u00a0 <img decoding=\"async\" src=\"https:\/\/solar.huawei.com\/~\/media\/Solar\/residential\/Reource\/anchoring_content_pic_03.png\" alt=\"\" \/> 100%\u00a0 <img decoding=\"async\" src=\"https:\/\/solar.huawei.com\/~\/media\/Solar\/residential\/Reource\/anchoring_content_pic_03.png\" alt=\"\" \/>100%<\/li><\/ul><\/div><\/div><\/div><\/div>\n\t\t\t\t<\/div>\n\t\t\t\t<\/div>\n\t\t\t\t<div class=\"elementor-element elementor-element-f49915f elementor-widget elementor-widget-spacer\" data-id=\"f49915f\" data-element_type=\"widget\" data-widget_type=\"spacer.default\">\n\t\t\t\t<div class=\"elementor-widget-container\">\n\t\t\t\t\t<div class=\"elementor-spacer\">\n\t\t\t<div class=\"elementor-spacer-inner\"><\/div>\n\t\t<\/div>\n\t\t\t\t<\/div>\n\t\t\t\t<\/div>\n\t\t\t\t<div class=\"elementor-element elementor-element-0e1d087 elementor-widget elementor-widget-text-editor\" data-id=\"0e1d087\" data-element_type=\"widget\" data-widget_type=\"text-editor.default\">\n\t\t\t\t<div class=\"elementor-widget-container\">\n\t\t\t\t\t<div class=\"elementor-text-editor elementor-clearfix\"><div class=\"right-text\"><h2>2x POWER<\/h2><h3>Optymalizacja i system z magazynowania energii<\/h3><div class=\"line-color\">\u00a0<\/div><h4>*Wym\u00f3g zastosowania pe\u0142nej optymalizacji i zaprojektowania d\u0142ugiego \u0142a\u0144cucha<\/h4><ul class=\"c-l\"><li>Falownik 5KTL umo\u017cliwia zasilanie pr\u0105dem przemiennym o mocy 5 kW oraz pe\u0142ne na\u0142adowanie akumulatora o mocy 5 kW<\/li><\/ul><\/div><\/div>\n\t\t\t\t<\/div>\n\t\t\t\t<\/div>\n\t\t\t\t<div class=\"elementor-element elementor-element-b74923e elementor-aspect-ratio-11 elementor-widget elementor-widget-video\" data-id=\"b74923e\" data-element_type=\"widget\" data-settings=\"{&quot;video_type&quot;:&quot;hosted&quot;,&quot;aspect_ratio&quot;:&quot;11&quot;,&quot;controls&quot;:&quot;yes&quot;}\" data-widget_type=\"video.default\">\n\t\t\t\t<div class=\"elementor-widget-container\">\n\t\t\t\t\t<div class=\"e-hosted-video elementor-wrapper elementor-fit-aspect-ratio elementor-open-inline\">\n\t\t\t\t\t<video class=\"elementor-video\" src=\"https:\/\/solar.huawei.com\/-\/media\/Solar\/residential\/Reource\/2xPOWER.mp4\" controls=\"\" controlsList=\"nodownload\"><\/video>\n\t\t\t\t<\/div>\n\t\t\t\t<\/div>\n\t\t\t\t<\/div>\n\t\t\t\t<div class=\"elementor-element elementor-element-2bab887 elementor-widget elementor-widget-spacer\" data-id=\"2bab887\" data-element_type=\"widget\" data-widget_type=\"spacer.default\">\n\t\t\t\t<div class=\"elementor-widget-container\">\n\t\t\t\t\t<div class=\"elementor-spacer\">\n\t\t\t<div class=\"elementor-spacer-inner\"><\/div>\n\t\t<\/div>\n\t\t\t\t<\/div>\n\t\t\t\t<\/div>\n\t\t\t\t<section class=\"elementor-section elementor-inner-section elementor-element elementor-element-4e8a32f elementor-section-boxed elementor-section-height-default elementor-section-height-default\" data-id=\"4e8a32f\" data-element_type=\"section\">\n\t\t\t\t\t\t<div class=\"elementor-container elementor-column-gap-default\">\n\t\t\t\t\t<div class=\"elementor-column elementor-col-50 elementor-inner-column elementor-element elementor-element-0a96463\" data-id=\"0a96463\" data-element_type=\"column\">\n\t\t\t<div class=\"elementor-widget-wrap elementor-element-populated\">\n\t\t\t\t\t\t\t\t<div class=\"elementor-element elementor-element-737eaa4 elementor-widget elementor-widget-text-editor\" data-id=\"737eaa4\" data-element_type=\"widget\" data-widget_type=\"text-editor.default\">\n\t\t\t\t<div class=\"elementor-widget-container\">\n\t\t\t\t\t<div class=\"elementor-text-editor elementor-clearfix\"><div class=\"right-text\"><h2>Wykrywanie<\/h2><h3>Precyzyjne rozpoznawanie miejsca wystepowania \u0142uku elektrycznego dla sprawnego rozwi\u0105zywania problem\u00f3w<\/h3><div class=\"line-color\">\u00a0<\/div><div class=\"table-list\"><div><em><img decoding=\"async\" src=\"https:\/\/solar.huawei.com\/~\/media\/Solar\/residential\/Reource\/content_icon_04.png\" alt=\"\" \/><\/em>O 80% kr\u00f3tszy czas rozwi\u0105zywania problem\u00f3w na miejscu i ni\u017csze koszty dzi\u0119ki zastosowaniu lokalizacji zwar\u0107 \u0142ukowych<\/div><div><em><img decoding=\"async\" src=\"https:\/\/solar.huawei.com\/~\/media\/Solar\/residential\/Reource\/content_icon_05.png\" alt=\"\" \/><\/em>Mniejsze straty mocy dzi\u0119ki szybszemu prze\u0142\u0105czaniu systemu<\/div><\/div><\/div><\/div>\n\t\t\t\t<\/div>\n\t\t\t\t<\/div>\n\t\t\t\t\t<\/div>\n\t\t<\/div>\n\t\t\t\t<div class=\"elementor-column elementor-col-50 elementor-inner-column elementor-element elementor-element-75fab27\" data-id=\"75fab27\" data-element_type=\"column\">\n\t\t\t<div class=\"elementor-widget-wrap elementor-element-populated\">\n\t\t\t\t\t\t\t\t<div class=\"elementor-element elementor-element-4144ec2 elementor-widget elementor-widget-image\" data-id=\"4144ec2\" data-element_type=\"widget\" data-widget_type=\"image.default\">\n\t\t\t\t<div class=\"elementor-widget-container\">\n\t\t\t\t\t<div class=\"elementor-image\">\n\t\t\t\t\t\t\t\t\t\t<img loading=\"lazy\" decoding=\"async\" width=\"640\" height=\"640\" src=\"https:\/\/www.fotowoltaikaexpert.pl\/wp-content\/uploads\/2021\/07\/Pinpoint.jpg\" class=\"attachment-large size-large\" alt=\"\" srcset=\"https:\/\/www.fotowoltaikaexpert.pl\/wp-content\/uploads\/2021\/07\/Pinpoint.jpg 660w, https:\/\/www.fotowoltaikaexpert.pl\/wp-content\/uploads\/2021\/07\/Pinpoint-300x300.jpg 300w, https:\/\/www.fotowoltaikaexpert.pl\/wp-content\/uploads\/2021\/07\/Pinpoint-150x150.jpg 150w\" sizes=\"auto, (max-width: 640px) 100vw, 640px\" \/>\t\t\t\t\t\t\t\t\t\t\t<\/div>\n\t\t\t\t<\/div>\n\t\t\t\t<\/div>\n\t\t\t\t\t<\/div>\n\t\t<\/div>\n\t\t\t\t\t\t\t<\/div>\n\t\t<\/section>\n\t\t\t\t\t<\/div>\n\t\t<\/div>\n\t\t\t\t<div class=\"elementor-column elementor-col-33 elementor-top-column elementor-element elementor-element-b2a18ee sidebar service-sidebar\" data-id=\"b2a18ee\" data-element_type=\"column\">\n\t\t\t<div class=\"elementor-widget-wrap elementor-element-populated\">\n\t\t\t\t\t\t\t\t<div class=\"elementor-element elementor-element-68357d9 elementor-widget elementor-widget-servicemenu_area__o\" data-id=\"68357d9\" data-element_type=\"widget\" data-widget_type=\"servicemenu_area__o.default\">\n\t\t\t\t<div class=\"elementor-widget-container\">\n\t\t\t            <div class=\"sidebar-widget services-widget\">\n                <div class=\"widget-inner\">\n                    <ul>\n                                                    <li class=\"\"><a href=\"https:\/\/www.fotowoltaikaexpert.pl\/?page_id=1351 \" ><span class=\"txt\">System SolarEdge<\/span> <span class=\"icon\"><i aria-hidden=\"true\" class=\" flaticon-solar-energy\"><\/i><\/span><\/a><\/li>\n                                                    <li class=\"active\"><a href=\"http:\/\/System%20Huawei \" ><span class=\"txt\">System Huawei<\/span> <span class=\"icon\"><i aria-hidden=\"true\" class=\" flaticon-solar-energy\"><\/i><\/span><\/a><\/li>\n                                                    <li class=\"\"><a href=\"https:\/\/www.fotowoltaikaexpert.pl\/?page_id=1655 \" ><span class=\"txt\">System Fronius<\/span> <span class=\"icon\"><i aria-hidden=\"true\" class=\" flaticon-solar-panel-1\"><\/i><\/span><\/a><\/li>\n                                                    <li class=\"\"><a href=\"https:\/\/www.fotowoltaikaexpert.pl\/?page_id=1706 \" ><span class=\"txt\">Panele Sharp<\/span> <span class=\"icon\"><i aria-hidden=\"true\" class=\" flaticon-solar-panel-1\"><\/i><\/span><\/a><\/li>\n                                                    <li class=\"\"><a href=\"https:\/\/www.fotowoltaikaexpert.pl\/?page_id=1378 \" ><span class=\"txt\">Panele LongiSolar<\/span> <span class=\"icon\"><i aria-hidden=\"true\" class=\" flaticon-solar-panel-1\"><\/i><\/span><\/a><\/li>\n                                            <\/ul>\n                <\/div>\n            <\/div>\n        \t\t<\/div>\n\t\t\t\t<\/div>\n\t\t\t\t<div class=\"elementor-element elementor-element-dafb419 elementor-widget elementor-widget-actionbar_area__o\" data-id=\"dafb419\" data-element_type=\"widget\" data-widget_type=\"actionbar_area__o.default\">\n\t\t\t\t<div class=\"elementor-widget-container\">\n\t\t\t            <div class=\"sidebar-widget info-widget\">\n                <div class=\"widget-inner\">\n                    <div class=\"image\"><a href=\"#\" class=\"\"><img decoding=\"async\" src=\"https:\/\/www.fotowoltaikaexpert.pl\/wp-content\/uploads\/2020\/06\/featured-image-38.jpg\" alt=\"\"><\/a><\/div>\n                    <div class=\"lower\">\n                        \n                        <div class=\"subtitle\">Masz jakie\u015b pytania? <br>Zadzwo\u0144 !<\/div>\n                        <div class=\"icon-box\"><span class=\"flaticon-telephone-1\"><\/span><\/div>\n                        <div class=\"phone\"><a href=\"tel:+48 784 990 490\">+48 784 990 490 <\/a><\/div>\n                        <div class=\"email\"><a href=\"mailto:biuro@fotowoltaikaexpert.pl\">biuro@fotowoltaikaexpert.pl<\/a><\/div>                    <\/div>\n                <\/div>\n            <\/div>\n        \t\t<\/div>\n\t\t\t\t<\/div>\n\t\t\t\t\t<\/div>\n\t\t<\/div>\n\t\t\t\t\t\t\t<\/div>\n\t\t<\/section>\n\t\t\t\t<section class=\"elementor-section elementor-top-section elementor-element elementor-element-3da6e72 elementor-section-boxed elementor-section-height-default elementor-section-height-default\" data-id=\"3da6e72\" data-element_type=\"section\">\n\t\t\t\t\t\t<div class=\"elementor-container elementor-column-gap-default\">\n\t\t\t\t\t<div class=\"elementor-column elementor-col-100 elementor-top-column elementor-element elementor-element-6be96ba\" data-id=\"6be96ba\" data-element_type=\"column\">\n\t\t\t<div class=\"elementor-widget-wrap\">\n\t\t\t\t\t\t\t\t\t<\/div>\n\t\t<\/div>\n\t\t\t\t\t\t\t<\/div>\n\t\t<\/section>\n\t\t\t\t\t\t<\/div>\n\t\t\t\t\t<\/div>\n\t\t","protected":false},"excerpt":{"rendered":"<p>Huawei wykorzystuj\u0105c ponad 30. letnie do\u015bwiadczenie z cyfrowych technologii [&hellip;]<\/p>\n","protected":false},"author":1,"featured_media":25,"parent":566,"menu_order":2,"comment_status":"closed","ping_status":"closed","template":"elementor_header_footer","meta":{"footnotes":""},"class_list":["post-1715","page","type-page","status-publish","has-post-thumbnail","hentry"],"_links":{"self":[{"href":"https:\/\/www.fotowoltaikaexpert.pl\/index.php?rest_route=\/wp\/v2\/pages\/1715","targetHints":{"allow":["GET"]}}],"collection":[{"href":"https:\/\/www.fotowoltaikaexpert.pl\/index.php?rest_route=\/wp\/v2\/pages"}],"about":[{"href":"https:\/\/www.fotowoltaikaexpert.pl\/index.php?rest_route=\/wp\/v2\/types\/page"}],"author":[{"embeddable":true,"href":"https:\/\/www.fotowoltaikaexpert.pl\/index.php?rest_route=\/wp\/v2\/users\/1"}],"replies":[{"embeddable":true,"href":"https:\/\/www.fotowoltaikaexpert.pl\/index.php?rest_route=%2Fwp%2Fv2%2Fcomments&post=1715"}],"version-history":[{"count":10,"href":"https:\/\/www.fotowoltaikaexpert.pl\/index.php?rest_route=\/wp\/v2\/pages\/1715\/revisions"}],"predecessor-version":[{"id":1763,"href":"https:\/\/www.fotowoltaikaexpert.pl\/index.php?rest_route=\/wp\/v2\/pages\/1715\/revisions\/1763"}],"up":[{"embeddable":true,"href":"https:\/\/www.fotowoltaikaexpert.pl\/index.php?rest_route=\/wp\/v2\/pages\/566"}],"wp:featuredmedia":[{"embeddable":true,"href":"https:\/\/www.fotowoltaikaexpert.pl\/index.php?rest_route=\/wp\/v2\/media\/25"}],"wp:attachment":[{"href":"https:\/\/www.fotowoltaikaexpert.pl\/index.php?rest_route=%2Fwp%2Fv2%2Fmedia&parent=1715"}],"curies":[{"name":"wp","href":"https:\/\/api.w.org\/{rel}","templated":true}]}}